3
What is the highest common factor of 225 and 630?
45
Calculate the highest common divisor of 15 and 4335.
15
What is the highest common factor of 388 and 485?
97
Calculate the greatest common divisor of 29488 and 16.
16
Calculate the highest common divisor of 29 and 64.
1
What is the highest common divisor of 160 and 1480?
40
Calculate the highest common factor of 11090 and 10.
10
Calculate the highest common divisor of 204 and 1764.
12
Calculate the highest common divisor of 8 and 40.
8
Calculate the greatest common divisor of 205 and 235.
5
Calculate the highest common factor of 999 and 27.
27
What is the highest common factor of 79 and 711?
79
Calculate the highest common divisor of 204 and 1581.
51
What is the highest common divisor of 40 and 4260?
20
Calculate the highest common divisor of 16 and 3.
1
What is the greatest common divisor of 299 and 403?
13
What is the greatest common factor of 146 and 3942?
146
Calculate the greatest common factor of 24 and 17016.
24
Calculate the greatest common factor of 1058 and 92.
46
What is the highest common divisor of 496 and 1364?
124
What is the greatest common divisor of 209 and 121?
11
What is the highest common divisor of 15 and 195?
15
Calculate the greatest common factor of 92 and 54878.
46
Calculate the greatest common divisor of 1375 and 44.
11
What is the greatest common factor of 1070 and 10?
10
Calculate the highest common factor of 15 and 39855.
15
What is the greatest common divisor of 440 and 11?
11
Calculate the greatest common factor of 17912 and 8.
8
What is the highest common factor of 224 and 20664?
56
Calculate the highest common factor of 602 and 308.
14
What is the greatest common divisor of 49 and 7399?
49
Calculate the greatest common divisor of 296 and 72.
8
What is the greatest common divisor of 10 and 25030?
10
What is the greatest common factor of 64 and 248?
8
Calculate the greatest common factor of 56 and 938.
14
What is the greatest common factor of 9616 and 32?
16
Calculate the highest common divisor of 14 and 350.
14
What is the highest common divisor of 196 and 1225?
49
What is the greatest common factor of 642 and 78?
6
Calculate the highest common divisor of 9 and 522.
9
Calculate the greatest common factor of 238 and 27013.
119
What is the highest common divisor of 6 and 474?
6
Calculate the highest common divisor of 250 and 30.
10
What is the greatest common factor of 511 and 5475?
73
What is the greatest common divisor of 80 and 680?
40
What is the highest common factor of 550 and 120?
10
What is the highest common factor of 65 and 221?
13
What is the highest common divisor of 4 and 24?
4
What is the greatest common factor of 13 and 1?
1
Calculate the highest common divisor of 2553 and 1104.
69
What is the greatest common factor of 123 and 12?
3
What is the highest common divisor of 9234 and 114?
114
Calculate the highest common factor of 40 and 610.
10
Calculate the greatest common divisor of 20 and 1460.
20
Calculate the highest common factor of 16465 and 370.
185
What is the highest common divisor of 5 and 1?
1
Calculate the highest common divisor of 168 and 108.
12
Calculate the greatest common factor of 798 and 1653.
57
What is the greatest common factor of 10824 and 396?
132
Calculate the greatest common factor of 902 and 3564.
22
What is the highest common factor of 1050 and 30?
30
Calculate the greatest common divisor of 374 and 4318.
34
Calculate the greatest common divisor of 275 and 50.
25
Calculate the greatest common factor of 525 and 750.
75
What is the highest common divisor of 12 and 348?
12
Calculate the highest common divisor of 15 and 25.
5
Calculate the highest common divisor of 795 and 15.
15
Calculate the highest common divisor of 72 and 126.
18
What is the highest common factor of 1937 and 13?
13
What is the greatest common divisor of 146 and 9052?
146
Calculate the highest common factor of 27 and 1.
1
Calculate the greatest common factor of 39917 and 446.
223
Calculate the highest common factor of 759 and 207.
69
What is the highest common factor of 120 and 8?
8
What is the greatest common factor of 3071 and 37?
37
Calculate the greatest common factor of 630 and 546.
42
Calculate the greatest common divisor of 11 and 3487.
11
Calculate the highest common factor of 8 and 10.
2
What is the greatest common divisor of 1068 and 24?
12
Calculate the greatest common divisor of 99 and 121.
11
What is the highest common factor of 1750 and 400?
50
What is the greatest common divisor of 254 and 21971?
127
What is the highest common factor of 87 and 696?
87
What is the greatest common divisor of 10 and 170?
10
Calculate the greatest common divisor of 264 and 128.
8
What is the greatest common divisor of 8176 and 224?
112
Calculate the greatest common factor of 20 and 3460.
20
What is the highest common divisor of 50 and 1030?
10
Calculate the highest common factor of 10421 and 34.
17
Calculate the highest common divisor of 376 and 423.
47
What is the greatest common factor of 3066 and 84?
42
Calculate the greatest common divisor of 8 and 320.
8
Calculate the greatest common factor of 125 and 535.
5
What is the greatest common divisor of 7 and 7?
7
Calculate the highest common factor of 19 and 475.
19
What is the greatest common factor of 7826 and 52?
26
What is the greatest common factor of 297 and 671?
11
What is the highest common factor of 114 and 874?
38
What is the highest common factor of 245 and 35?
35
What is the greatest common factor of 10086 and 615?
123
Calculate the greatest common factor of 147521 and 11.
11
What is the greatest common factor of 4 and 256?
4
What is the highest common factor of 351 and 936?
117
Calculate the highest common divisor of 364 and 560.
28
What is the greatest common divisor of 475 and 38?
19
What is the greatest common divisor of 57 and 152?
19
What is the greatest common divisor of 725 and 675?
25
What is the greatest common divisor of 1364 and 1550?
62
Calculate the greatest common factor of 1025 and 25.
25
Calculate the greatest common divisor of 106 and 28.
2
Calculate the greatest common divisor of 5 and 415.
5
What is the highest common divisor of 85225 and 25?
25
Calculate the greatest common factor of 18509 and 166.
83
Calculate the highest common factor of 280 and 20860.
140
Calculate the highest common divisor of 180 and 1710.
90
What is the greatest common factor of 384 and 108?
12
What is the greatest common factor of 66 and 4246?
22
Calculate the greatest common factor of 57 and 57.
57
Calculate the highest common divisor of 2842 and 98.
98
Calculate the greatest common factor of 1995 and 1805.
95
What is the greatest common divisor of 3411 and 18?
9
What is the highest common divisor of 6179 and 37?
37
Calculate the highest common divisor of 207 and 36.
9
What is the greatest common divisor of 319 and 363?
11
Calculate the greatest common factor of 320 and 60.
20
Calculate the greatest common divisor of 27 and 54.
27
Calculate the greatest common factor of 429 and 1221.
33
Calculate the greatest common divisor of 2010 and 60.
30
What is the highest common factor of 27 and 162?
27
Calculate the highest common divisor of 84 and 147.
21
Calculate the greatest common factor of 82 and 2.
2
What is the highest common factor of 36225 and 207?
207
What is the greatest common divisor of 216 and 16?
8
Calculate the greatest common divisor of 20 and 1200.
20
Calculate the greatest common divisor of 88 and 2.
2
Calculate the highest common factor of 98 and 14.
14
Calculate the greatest common divisor of 336 and 1568.
112
What is the greatest common divisor of 738 and 328?
82
Calculate the highest common divisor of 350 and 28.
14
What is the greatest common divisor of 384 and 2496?
192
Calculate the highest common divisor of 648 and 360.
72
What is the highest common factor of 12 and 708?
12
What is the highest common factor of 48 and 112?
16
What is the greatest common factor of 405 and 5?
5
Calculate the highest common divisor of 74094 and 318.
318
What is the greatest common divisor of 328 and 88?
8
Calculate the highest common factor of 189 and 168.
21
What is the highest common factor of 7783 and 43?
43
What is the greatest common factor of 107 and 5?
1
Calculate the greatest common factor of 